2.
118618
What is -110110110001001 (base 2) in base 9?
-42416
What is 468314 (base 10) in base 8?
1622532
What is 12112023222 (base 4) in base 16?
1962ea
Convert 5113 (base 13) to base 5.
324140
What is -492787 (base 10) in base 16?
-784f3
100002002 (base 3) to base 13
3020
Convert -a04cc6 (base 15) to base 4.
-131001330120
Convert -290008 (base 11) to base 15.
-8e739
277dbb (base 14) to base 11
853726
What is 612150 (base 7) in base 6?
2121313
What is -1101001101111111010101 (base 2) in base 13?
-9442ca
What is -7484240 (base 9) in base 12?
-1415839
3213766 (base 9) to base 11
a7667a
What is 195006 (base 16) in base 4?
12111000012
What is -20301324 (base 5) in base 4?
-220133033
Convert 6384322 (base 9) to base 4.
31003110110
Convert 237921 (base 11) to base 13.
102470
304110321 (base 5) to base 8
4562303
Convert -358752 (base 10) to base 4.
-1113211200
What is 27149 (base 12) in base 8?
151011
What is -199e3 (base 16) in base 13?
-389b8
Convert -10212020000201 (base 3) to base 10.
-2051425
Convert 34704 (base 8) to base 10.
14788
What is 136614 (base 7) in base 8?
63405
Convert 102201202120 (base 3) to base 13.
81150
Convert -431a27 (base 11) to base 13.
-1b24c7
-378738 (base 9) to base 4
-320002010
What is 222130230 (base 4) in base 2?
101010011100101100
-c8886 (base 15) to base 9
-1170010
-23233211 (base 4) to base 14
-1375b
Convert -10230411134 (base 5) to base 16.
-a4b630
What is -200220100200 (base 3) in base 9?
-626320
-520994 (base 10) to base 8
-1771442
Convert -2c301 (base 14) to base 11.
-759a8
Convert -236711 (base 8) to base 12.
-3b0b5
Convert 1a6656 (base 11) to base 2.
1001101001101001010
2001303223 (base 4) to base 5
114003231
326690 (base 10) to base 5
40423230
Convert 7a8f7 (base 16) to base 10.
502007
Convert -16377502 (base 8) to base 16.
-39ff42
Convert -7979a4 (base 11) to base 6.
-43113554
Convert 13cd06 (base 14) to base 10.
688554
What is 3300303 (base 5) in base 12?
28720
What is -101011111100100111111 (base 2) in base 6?
-50510543
Convert -37bcc9 (base 13) to base 16.
-147306
What is 706 (base 16) in base 11?
1395
What is -143302 (base 5) in base 14?
-2301
541665 (base 7) to base 13
33c18
1231062 (base 7) to base 3
22001220110
What is -200221022000 (base 3) in base 4?
-1122333333
Convert 3926a3 (base 12) to base 10.
937563
1150013 (base 9) to base 2
10011000001011001011
Convert -16581a (base 11) to base 13.
-8c9cc
-102364 (base 8) to base 15
-a141
-2201120113 (base 4) to base 12
-27a647
What is 100312133303 (base 4) in base 12?
159052b
1101001001011010010001 (base 2) to base 15
481262
-607b0b (base 14) to base 4
-30121002333
-2221013030 (base 4) to base 8
-2510714
What is 1216762 (base 9) in base 12?
27a6b5
-604361 (base 8) to base 2
-110000100011110001
What is -19b5b3 (base 13) in base 7?
-5361151
Convert -243564 (base 7) to base 3.
-2021002120
What is -10471421 (base 9) in base 10?
-5066164
Convert -389602 (base 10) to base 8.
-1370742
Convert -75731 (base 8) to base 4.
-13233121
What is 203110121 (base 4) in base 11?
99764
741b4 (base 12) to base 5
14333334
Convert 2c763 (base 14) to base 9.
178506
1010100110001101 (base 2) to base 16
a98d
Convert -2179a5 (base 12) to base 3.
-1000000122122
-1636cb (base 13) to base 2
-10000110011000011111
What is 115061 (base 7) in base 6?
241022
Convert -10110000000111000 (base 2) to base 13.
-32070
3254837 (base 9) to base 5
421430244
Convert -17805576 (base 9) to base 13.
-1b2526c
What is -3800 (base 10) in base 2?
-111011011000
Convert 233c12 (base 13) to base 5.
203240103
What is 222440312 (base 5) in base 4?
3300030120
18159 (base 16) to base 12
49109
-1834244 (base 9) to base 12
-41614a
Convert -12145524 (base 7) to base 5.
-234242410
Convert -20320063 (base 7) to base 6.
-100253134
What is 1b20e (base 15) in base 8?
254226
What is -1205a0 (base 13) in base 3?
-210211000100
-180839 (base 15) to base 11
-727229
Convert -442432 (base 13) to base 7.
-16431631
What is 341755 (base 8) in base 10?
115693
What is -2a3886 (base 13) in base 3?
-1221122110121
What is -28800377 (base 9) in base 11?
-8080465
2121102101 (base 3) to base 8
144211
Convert -7e36f (base 16) to base 11.
-323458
What is 16d1e4 (base 15) in base 8?
4162757
Convert 2c8496 (base 14) to base 9.
2836216
What is -33432104 (base 5) in base 13?
-a48bb
What is -5222424 (base 7) in base 2?
-10011001001101101001
What is 2200221011 (base 3) in base 6?
1050051
Convert 7a0325 (base 11) to base 2.
100110111000100101101
What is a34c (base 14) in base 11?
1a122
What is 4ded0 (base 16) in base 11?
1a8898
Convert -28553 (base 10) to base 11.
-1a4a8
Convert -139837b (base 12) to base 2.
-1111000000010100001111
Convert 1a621 (base 16) to base 14.
2b54d
What is -54211246 (base 8) in base 10?
-11604646
-312301222000 (base 4) to base 9
-30015061
Convert 2201200212011 (base 3) to base 6.
51031434
-355330 (base 7) to base 4
-33230311
What is 11010110100111 (base 2) in base 7?
55021
-201221021010 (base 3) to base 9
-657233
Convert -1243042032 (base 5) to base 8.
-13637705
Convert -315207 (base 12) to base 13.
-212392
Convert 122232133 (base 4) to base 6.
2202451
What is 201212002101010 (base 3) in base 7?
155455215
What is 11400505 (base 8) in base 13?
6928aa
What is -175361 (base 13) in base 11?
-368950
What is 2354877 (base 9) in base 8?
4675064
Convert -2762b (base 13) to base 9.
-121804
1b051 (base 14) to base 9
114171
Convert 21331356 (base 7) to base 16.
1bd0aa
-132213312 (base 5) to base 9
-1221233
21556 (base 8) to base 5
242240
1530124 (base 7) to base 3
101121122001
What is -3154460 (base 9) in base 7?
-20234400
What is 113951 (base 13) in base 3?
202201201022
Convert -7aa9 (base 11) to base 5.
-320041
What is 15d41b (base 15) in base 5?
232313201
Convert 880b8 (base 15) to base 10.
432173
Convert -aaa91 (base 11) to base 7.
-1240322
What is -11423111140 (base 5) in base 15?
-12b67ea
What is 3413251 (base 6) in base 5?
21014434
-110103001 (base 4) to base 11
-5750a
Convert 49b70 (base 16) to base 8.
1115560
13120201 (base 5) to base 16
1f992
717022 (base 8) to base 10
237074
Convert -1000001100011100111001 (base 2) to base 9.
-4033636
368767 (base 9) to base 7
1616032
-112122202 (base 4) to base 8
-263242
Convert -101101101100001001101 (base 2) to base 5.
-340402130
-96001 (base 13) to base 4
-1001332120
-2120234 (base 6) to base 4
-121111132
What is -37405 (base 14) in base 2?
-100001000001001101
1012202121 (base 4) to base 6
10105333
Convert -1b0ae (base 16) to base 15.
-22c46
What is 11212 (base 10) in base 6?
123524
Convert 4615030 (base 8) to base 16.
131a18
Convert -11112221231 (base 4) to base 6.
-50025405
-a503a4 (base 12) to base 6
-131322324
What is -12b7a (base 12) in base 4?
-12110032
What is -11001001101101110110010 (base 2) in base 13?
-14a5765
Convert 26a0025 (base 12) to base 3.
112102210111002
321dc (base 15) to base 14
41d73
Convert -100000011010101101011 (base 2) to base 4.
-10003111223
Convert 122382 (base 9) to base 12.
36962
What is -3c8658 (base 16) in base 10?
-3966552
-865c18 (base 14) to base 13
-c33831
What is 30320121 (base 4) in base 8?
147031
-360956 (base 10) to base 14
-95788
43593 (base 12) to base 6
1523503
Convert -3314819 (base 10) to base 9.
-6212062
What is 10111021002121 (base 3) in base 15?
269b1a
Convert 120307 (base 10) to base 4.
131113303
-4442455 (base 7) to base 5
-120021400
What is -1000022012002022 (base 3) in base 10?
-14510078
d3e12 (base 16) to base 6
30333510
What is 21033010 (base 6) in base 12?
255766
Convert -473364 (base 9) to base 16.
-457c3
Convert -12342201 (base 5) to base 2.
-11101101011001111
What is -322433034 (base 5) in base 2?
-101001111011111000000
-12365420 (base 9) to base 4
-113021002233
What is 772ed (base 15) in base 6?
12041041
Convert 4717355 (base 8) to base 11.
7a9102
What is 117295 (base 12) in base 3?
112022220212
Convert 201302231 (base 4) to base 5.
13412123
What is -100000100010010101 (base 2) in base 16?
-20895
Convert 3a403 (base 11) to base 7.
330165
Convert -555504 (base 7) to base 10.
-98004
-330274 (base 8) to base 6
-2212512
711840 (base 11) to base 9
2133660
Convert 110011101111001110 (base 2) to base 16.
33bce
1134244010 (base 5) to base 13
71a19c
What is -1344001234 (base 5) in base 3?
-20120211100211
19156 (base 12) to base 11
2